-14) + (-9)/63. Suppose 2*a + 4 = k, 5*d - 566 = -a + 4*a. What is the hundreds digit of d?
1
Let h(g) = 8*g**3 + g - 2. Let v be h(3). Let t = 12502 + -12349. Let l = v - t. What is the tens digit of l?
6
Suppose 106*j + 651 = 113*j. Suppose -5*v + 973 = 2*r + j, r = 0. What is the units digit of v?
6
Let c(o) = -63*o - 12. Let j be ((-18)/(-15))/((-1)/5). Let t be c(j). Suppose -3*f = -4*m + t, 0 = 4*m - 5*f + 194 - 556. What is the tens digit of m?
9
Suppose -20*j + 577 = -15923. What is the hundreds digit of ((-104)/(-260))/(1/j)?
3
What is the units digit of 15/(120/(-5428))*-3*2?
1
Suppose -5*z = -m + 66, m - 4*z = 47 + 15. What is the units digit of 3/((-54)/(-171))*(m - 0)?
7
Let r(a) = -2*a**2 + 4. Let d be r(-2). Let y be 1*(0 + -1) - d. Suppose y*k - 4*l - 59 = 0, 2*k + l - 54 = -0*l. What is the tens digit of k?
2
Let u = 779 - -1171. What is the units digit of (-9)/(-6) + (u/4 - -1)?
0
What is the thousands digit of ((-3453)/(-1))/(8 - 165/22)?
6
Suppose -a + 13*v + 1019 = 8*v, 0 = 4*a - 4*v - 4060. What is the hundreds digit of a?
0
Suppose -50*q = -58*q. Suppose 0 = -4*n + 4*z + 232, -62 = -n - q*n - z. What is the units digit of n?
0
Suppose 85 = 6*i - i. Suppose 4*u - 3*y = i, 0 = 3*u - 4*y + 2*y - 12. What is the units digit of (u - 0/3)*76?
2
Suppose -155*x - 112*x = -8934621. What is the thousands digit of x?
3
Let b(i) = 273*i**3 - 2*i**2 - 3*i. Suppose -3*t = 3*f - 3, -2*f + 7*f + 1 = -2*t. Let q be b(f). Let r = q + 411. What is the hundreds digit of r?
1
Let b = 596 + 7199. What is the hundreds digit of b?
7
Suppose -o + 5*o - 2*m = 16, 2*m + 4 = 0. Suppose 5*k = 2*q + 124, 3*k - o*q = -0*k + 69. What is the tens digit of k?
2
Let c(v) = v**3 + 7*v**2 - 7*v - 16. Let d be c(-7). Let b = -21 + d. Suppose -8*z = -b*z + 420. What is the tens digit of z?
0
Let n(t) = -15*t - 25. Suppose -3 = -l + 4*l. Let f be 10/3*(-2 + l). What is the units digit of n(f)?
5
Let q be 157*-1 + (4 - -3) + -11. Let c = -363 - -594. Let x = q + c. What is the tens digit of x?
7
Suppose -4*u - 2*f + 6110 = 0, 0 = -48*u + 52*u - f - 6107. What is the units digit of u?
7
Let d(k) = -2*k + 16. Let o be d(6). Let v(x) = x**2 + x - 6*x**2 + 7*x - 2*x + 7 + 2*x**3. What is the tens digit of v(o)?
7
Suppose 33*v - 25*v = 952. Let z = 147 - v. What is the units digit of z?
8
Let s = -64665 + 103945. What is the units digit of s?
0
Let q = -5289 - -5289. Let l = 2 - 0. Suppose -l*f + 205 = -g, -5*f + q*g - 2*g = -517. What is the units digit of f?
3
Suppose -490 = -6*v + 38. What is the units digit of ((-10)/(-4))/(v/23056)?
5
What is the thousands digit of (15 - 30) + (4 - -47195)?
7
Let c(u) = u**2 - 18*u - 19. Let f be c(19). Suppose -21*z + 7*z + 1106 = f. What is the tens digit of z?
7
Let i(z) = 54 - 178*z + 41*z - 283. What is the hundreds digit of i(-12)?
4
Suppose -3*c = 2*q - 22, 4*q = -48*c + 51*c - 10. Let a be (-4)/(0 + (-4)/6). Suppose -5*n = -q*d + 4*d - 56, 2*d = a. What is the units digit of n?
0
Let r be (1/((-5)/332))/((-5)/(-75)). Let f = r + 2014. What is the units digit of f?
8
Let z = 24 + -18. Suppose x + x + 5*k = -z, -4*k - 6 = x. What is the tens digit of (x - 0)/((-22)/(-803))?
7
Let p(a) = -33*a + 2. Let x(l) = 3*l - 19. Let v be x(7). Suppose y + 5 = -v*k, -2*k = -3*y + 1 - 0. What is the units digit of p(k)?
8
Suppose 30*o = 32*o. Suppose o = 3*j - 13*j + 4600. What is the tens digit of j?
6
Let u = -304 - -307. What is the tens digit of (3 - 6 - 277)*(-6)/u?
6
Suppose -z - 38*f + 36*f = -6593, 0 = -2*z + 3*f + 13221. What is the hundreds digit of z?
6
Let b = -25157 - -25768. What is the tens digit of b?
1
Let l = -17 - -17. Suppose v - 1044 = -3*o, -3*o - 5*v + v + 1053 = l. What is the hundreds digit of o?
3
Let g(d) = -d**3 - 4*d**2 - 31*d - 68. Suppose -52 = 4*p + 2*b, 4*p = -19*b + 18*b - 52. What is the thousands digit of g(p)?
1
Suppose 5*o + 695 = -3*t, 3*o - 872 = 3*t - 137. Let n = t + 539. What is the units digit of n?
9
Let i be 10/6*3 + 1025. Suppose 12*s - i + 178 = 0. What is the tens digit of s?
7
Let f be 3/(-18) + (-20487)/(-18) - -5. Let x = f + -524. What is the units digit of x?
9
Let j(m) be the second derivative of m**3/6 + 7*m**2/2 + 15*m. Let c be j(-10). What is the units digit of -9*(c - 16/(-12))?
5
Suppose 3*s = -30 + 816. Suppose 2*p + s = -r, -3*r - p - 779 = -2*p. What is the tens digit of 6 + -7 - r/2?
2
Suppose 0 = -25*u - 2*u - 102454 + 587104. What is the thousands digit of u?
7
Let z be 16/(-48) + 134/6. Suppose z = 4*y - 66. Suppose d - 8 = y. What is the units digit of d?
0
Suppose 0 = -2*h + f + 4, 0 = -3*h - 2*f + 1 - 2. What is the tens digit of (59 - 1) + (h - (-20)/(-4))?
5
Suppose 6502 = 29*a - 19453. What is the hundreds digit of a?
8
Let z(j) = -6*j - 30 + 18*j + 28*j**2 + 4*j + 5*j. What is the thousands digit of z(7)?
1
Let t(w) = -20*w - 136. Let q be t(4). Let n = 424 + q. What is the hundreds digit of n?
2
Suppose 5*d = 86 - 41. Suppose -21*x = -d*x - 10572. What is the units digit of x?
1
Let m be -8*(-5)/(-10) + 1. Let q be (-7)/((-35)/325) - m. Suppose 26*t - 22*t = q. What is the tens digit of t?
1
Suppose 4*d + 0*k + 5*k - 37 = 0, 4*d - 4*k + 8 = 0. What is the hundreds digit of -33 + 598 - d/((-3)/(-4))?
5
Suppose 1183*i = 1159*i + 26736. What is the hundreds digit of i?
1
Let q(k) = -8*k - 4. Let h be q(-1). Let x be (16/h - 4)/3. Suppose -2*z - 8 = i - 43, 2*i + z - 58 = x. What is the units digit of i?
7
Suppose -37*p + 65 = -24*p. Suppose -4*j = p*y - 4793, -5*y + 15 = -10. What is the tens digit of j?
9
Let o(g) = 15*g**2 - 52*g**2 + 15 + 20*g**2 + 15*g + 18*g**2. Let m be o(-14). What is the tens digit of (80/48)/(-1*m/(-39))?
6
Let t = 638 - 606. Suppose 20*o - 68224 = -t*o. What is the tens digit of o?
1
Let w be 132/(-15)*6125/(-14). Let h = -2743 + w. What is the thousands digit of h?
1
Suppose 516894 = -240*y + 333*y. What is the tens digit of y?
5
Let t be 26/130 + (-48)/(-10). Suppose 25 = t*s, s + 1185 = 4*j + j. Suppose 0*b + 3*b = 3*o + 228, 3*b - j = o. What is the tens digit of b?
8
Suppose -5131440 = -13*g + 17*g - 148*g. What is the ten thousands digit of g?
3
What is the thousands digit of ((-2)/6 + 7/3)/(52/158262)?
6
Let f(l) be the second derivative of l**5/20 + 7*l**4/12 + 3*l**2/2 - 667*l. Suppose 3*y + 8 = -13. What is the units digit of f(y)?
3
Let z = 20 - 13. Suppose 0 = 2*d - j - 14, 4*j + z = -9. Suppose 3*u = -d*i + 140, -2*u - i = 3*i - 94. What is the units digit of u?
5
Let q(z) = -2139*z - 5580. What is the tens digit of q(-21)?
3
Let p = -239 - 307. Let y = -349 - p. Let d = y + -136. What is the tens digit of d?
6
Let u = -5398 + 15133. What is the hundreds digit of u?
7
Let s be (-7796)/(-10) - 6/(-15). Let r = 1185 + -1180. Suppose r*m = 10*m - s. What is the hundreds digit of m?
1
Suppose 0 = -104*u + 200*u - 105*u + 127296. What is the hundreds digit of u?
1
Let x = -467 + 484. Suppose -24736 = -x*v - 15*v. What is the units digit of v?
3
What is the units digit of ((-165426)/1745)/(1/(-45))?
6
Let n be ((-30)/4)/5*(-16)/12. Suppose -4*y + 158 = n*b, 30 + 53 = 2*y - 3*b. What is the tens digit of (y/(-50))/(4/(-370))?
7
Let i = -307 + 349. Suppose -5*y + 1715 = d, -i*d = -38*d + y - 6803. What is the tens digit of d?
0
Suppose 5*o + 4*k + 3405 = 0, -o + 4*k - 3405 = 4*o. Let p = -38 + 23. What is the units digit of o/(-9) + 10/p?
5
Suppose -5*n = 5*a + 1865, 7 = -3*n - 2. Let b = a + 793. What is the units digit of b?
3
Let z = -6 - -6. Let s = 229 - 317. What is the units digit of 1 + (z - s) + -1?
8
Let f(d) = -d**2 + 9*d - 4. Let a be f(6). Suppose 17 = -21*k - 25. What is the hundreds digit of 1344/(-18)*((-64)/a - k)?
1
Suppose -10*w + 6 = -13*w. Let f be (4 - w - 4)*31. Let d = f - 14. What is the units digit of d?
8
Let c(s) = -s**3 - 6*s**2 + 43*s + 25. Let w be c(-10). What is the hundreds digit of (-432)/200*w*160/3?
5
Let m(w) = 5*w + 105. Let i be m(17). Let l = 276 + i. What is the tens digit of l?
6
Let l(k) = k**2 - 2*k + 17. Let h be l(16). Let s = h + -92. Suppose -19 = z + 2*d - s, -3*z = -5*d - 379. What is the tens digit of z?
2
Let o(g) = -17*g**3 + 15*g**2 - 159*g - 2102. What is the units digit of o(-13)?
9
Let l be (7488/27)/((-3)/(-9)). Suppose -c + l = -4*w, -4*c - 11*w + 3328 = -8*w. What is